35
What is -27a16 (base 11) in base 15?
-bc01
Convert -166 (base 12) to base 7.
-435
10101011001010 (base 2) to base 8
25312
Convert -2017 (base 12) to base 6.
-24031
What is -5441 (base 6) in base 3?
-1201021
Convert 2323323 (base 4) to base 6.
131403
Convert -20310 (base 7) to base 12.
-2a50
12a6 (base 13) to base 7
10534
What is aba4 (base 12) in base 10?
18988
Convert 2359 (base 13) to base 16.
136f
Convert 807 (base 14) to base 3.
2011100
Convert 308c (base 14) to base 3.
102110111
What is 11513 (base 6) in base 4?
122211
What is 1000010111101100 (base 2) in base 7?
201645
-101312 (base 4) to base 8
-2166
-5218 (base 14) to base 16
-3736
Convert 3215 (base 7) to base 9.
1505
Convert -281 (base 9) to base 15.
-10a
-1215043 (base 6) to base 2
-1111110001100011
What is -427e (base 15) in base 10?
-14069
3c2 (base 13) to base 14
357
11253 (base 10) to base 11
8500
Convert 231 (base 5) to base 11.
60
Convert -1756 (base 9) to base 3.
-1211220
What is -2a88 (base 13) in base 15?
-1c81
Convert 115100 (base 7) to base 4.
11013230
What is 1010001010000 (base 2) in base 12?
3014
11101110000 (base 2) to base 3
2121112
What is -16386 (base 9) in base 7?
-44550
What is -3234 (base 6) in base 9?
-1014
What is -3453 (base 7) in base 8?
-2357
1129b (base 14) to base 7
232354
-10240 (base 8) to base 2
-1000010100000
Convert -10331203 (base 4) to base 6.
-234031
What is -7e6 (base 15) in base 9?
-2410
-11f3 (base 16) to base 6
-33135
Convert -2109 (base 15) to base 7.
-26235
-112221212 (base 3) to base 12
-6388
What is -134412 (base 6) in base 15?
-3b55
Convert -3143 (base 5) to base 2.
-110100111
Convert -403 (base 8) to base 10.
-259
Convert 1040 (base 6) to base 13.
156
-104430 (base 6) to base 3
-110002000
6a7 (base 12) to base 7
2614
456 (base 13) to base 5
10442
-105d (base 16) to base 5
-113224
21012220 (base 3) to base 8
12216
What is -17dd (base 15) in base 8?
-12046
-3e3 (base 16) to base 13
-5b7
356 (base 12) to base 6
2150
What is -11c7 (base 14) in base 6?
-22231
104002 (base 5) to base 15
111c
223 (base 14) to base 13
267
-2541 (base 12) to base 8
-10201
What is -462 (base 8) in base 4?
-10302
11110001101111 (base 2) to base 10
15471
69 (base 12) to base 7
144
205230 (base 7) to base 3
1210121220
646 (base 7) to base 15
16d
-1232102 (base 4) to base 5
-211213
What is -91c (base 14) in base 2?
-11011111110
Convert 11818 (base 11) to base 7.
100305
What is 18235 (base 9) in base 12?
734b
What is -3663 (base 8) in base 13?
-b88
1140a (base 12) to base 8
55012
What is -11313012 (base 4) in base 14?
-8a6a
Convert -320023 (base 4) to base 9.
-4834
What is 1707 (base 14) in base 8?
10033
What is -14400 (base 7) in base 6?
-30213
Convert -21450 (base 9) to base 3.
-201111200
Convert -10455 (base 6) to base 16.
-5c3
-277 (base 9) to base 6
-1024
What is 4542 (base 6) in base 15?
4b5
232 (base 5) to base 4
1003
What is -4a1 (base 15) in base 7?
-3031
Convert -22273 (base 8) to base 12.
-5537
Convert 134 (base 8) to base 15.
62
Convert 1112002 (base 3) to base 14.
593
2224221 (base 5) to base 9
58828
Convert 1281 (base 14) to base 9.
4410
Convert -1e36 (base 15) to base 2.
-1100110110000
-fe (base 16) to base 15
-11e
Convert 2036 (base 8) to base 10.
1054
Convert 7612 (base 8) to base 16.
f8a
-2322 (base 12) to base 5
-111124
-2535 (base 7) to base 3
-1022110
What is -18830 (base 9) in base 10?
-13068
What is -2232330 (base 5) in base 4?
-21230203
Convert 10111002 (base 3) to base 9.
3432
-76e (base 16) to base 15
-86c
513 (base 8) to base 15
171
Convert -24 (base 15) to base 3.
-1021
118 (base 16) to base 5
2110
Convert -103d (base 16) to base 6.
-31125
What is 174a (base 11) in base 16?
8b8
Convert -538 (base 10) to base 7.
-1366
Convert 2100110 (base 3) to base 16.
6b1
1031 (base 6) to base 10
235
Convert 3471 (base 14) to base 3.
110111121
What is -9902 (base 13) in base 5?
-1140141
-2041102 (base 5) to base 7
-200561
What is -12126 (base 10) in base 9?
-17563
Convert 142200 (base 5) to base 4.
1130211
Convert 6187 (base 14) to base 13.
7839
Convert -412 (base 9) to base 15.
-175
-5505 (base 11) to base 13
-33cb
-3131000 (base 4) to base 7
-56144
-19747 (base 13) to base 12
-24834
-110100110000100 (base 2) to base 4
-12212010
Convert 2276 (base 14) to base 10.
5984
Convert -1022202 (base 3) to base 11.
-7a8
What is 310300 (base 4) in base 7?
12562
10eb6 (base 16) to base 6
1252502
30ab (base 12) to base 6
40335
What is -a73 (base 13) in base 3?
-2110002
What is 92 (base 11) in base 4?
1211
3 (base 14) to base 5
3
-6256 (base 7) to base 2
-100010010101
What is -666 (base 9) in base 6?
-2310
c733 (base 15) to base 4
22102023
What is 15135 (base 6) in base 4?
212003
What is -12539 (base 10) in base 5?
-400124
What is -15122 (base 6) in base 8?
-4572
Convert 8619 (base 12) to base 6.
152033
Convert 17133 (base 9) to base 11.
8935
Convert -234406 (base 7) to base 3.
-2011011001
Convert 943 (base 10) to base 16.
3af
What is 2154 (base 8) in base 6?
5124
21031 (base 7) to base 9
7071
Convert 11103 (base 6) to base 8.
3017
Convert -46071 (base 8) to base 2.
-100110000111001
Convert -37a17 (base 11) to base 6.
-1100100
What is -1516 (base 16) in base 2?
-1010100010110
What is 3f (base 16) in base 7?
120
What is 33210 (base 7) in base 9?
12383
Convert 31161 (base 7) to base 13.
3627
What is 1373 (base 9) in base 2?
10000001110
What is -112 (base 3) in base 13?
-11
1aaaa (base 14) to base 5
4133331
Convert 100010000001111 (base 2) to base 7.
101540
Convert 563e (base 15) to base 11.
12812
101010011 (base 2) to base 6
1323
Convert 169 (base 12) to base 13.
144
b63a (base 12) to base 11
13a68
-10862 (base 10) to base 15
-3342
Convert -154232 (base 6) to base 13.
-6c02
What is 31437 (base 9) in base 13?
95b9
110011100111 (base 2) to base 11
2533
-218 (base 9) to base 2
-10110011
-202111202 (base 3) to base 13
-6a61
3233 (base 4) to base 14
131
Convert 7a4 (base 11) to base 14.
4c9
Convert 135478 (base 9) to base 6.
1435112
What is -59a5 (base 11) in base 4?
-1322303
-260 (base 11) to base 9
-372
-52b (base 12) to base 5
-11010
Convert 2022012 (base 3) to base 14.
87d
Convert 4421 (base 5) to base 10.
611
Convert -205 (base 12) to base 11.
-247
What is -300222 (base 5) in base 3?
-110221112
What is -202333 (base 4) in base 5?
-32424
-11312 (base 5) to base 3
-1010211
Convert -111000101100 (base 2) to base 14.
-1472
Convert -120 (base 5) to base 11.
-32
2226 (base 8) to base 10
1174
1012 (base 7) to base 2
101100000
What is 11000 (base 2) in base 9?
26
-131132 (base 5) to base 9
-7071
What is -71 (base 15) in base 10?
-106
What is -1152 (base 7) in base 2?
-110101101
What is 64 (base 13) in base 8?
122
-11001110010 (base 2) to base 11
-1270
-247 (base 9) to base 2
-11001101
What is 59bb (base 14) in base 4?
3310201
-100002200 (base 3) to base 11
-4a90
What is 812 (base 10) in base 16?
32c
What is 2300011 (base 4) in base 16?
2c05
Convert 224 (base 6) to base 15.
5d
Convert 1011012 (base 3) to base 16.
34a
What is -28c (base 13) in base 4?
-13012
What is -241 (base 5) in base 3?
-2122
Convert 132572 (base 8) to base 12.
22a76
-18848 (base 9) to base 3
-122221122
Convert 8a6a (base 12) to base 10.
15346
Convert 14613 (base 7) to base 2.
111111101101
What is -562 (base 12) in base 5?
-11134
Convert 328 (base 12) to base 7.
1232
-1002110212 (base 3) to base 15
-6578
Convert -1eff (base 16) to base 5.
-223220
Convert -123 (base 15) to base 11.
-215
What is 2101232 (base 4) in base 10?
9326
Convert 6439 (base 15) to base 13.
9861
What is -51c (base 13) in base 5?
-11440
35731 (base 8) to base 2
11101111011001
Convert -15dd5 (base 15) to base 14.
-1ba49
Convert 112100 (base 8) to base 9.
57048
What is -11070 (base 9) in base 5?
-213403
Convert -20110 (base 4) to base 12.
-384
What is -102033 (base 5) in base 16?
-d41
What is b69 (base 13) in base 2?
11110011010
Convert -435a (base 14) to base 10.
-11644
10010021 (base 3) to base 12
1397
What is -3657 (base 10) in base 8?
-7111
What is 726 (base 8) in base 14?
258
-1481 (base 13) to base 11
-2268
What is -556e (base 15) in base 11?
-12669
-22423 (base 7) to base 2
-1011001000101
1010010000111 (base 2) to base 13
2513
Convert -47278 (base 10) to base 2.
-1011100010101110
What is 2202102 (base 3) in base 14?
a37
-6c97 (